{"id":176,"date":"2015-08-04T21:11:34","date_gmt":"2015-08-04T20:11:34","guid":{"rendered":"http:\/\/weblog.occassions.de\/?page_id=176"},"modified":"2015-08-29T19:29:03","modified_gmt":"2015-08-29T18:29:03","slug":"make","status":"publish","type":"page","link":"https:\/\/weblog.occassions.de\/?page_id=176","title":{"rendered":"Make!"},"content":{"rendered":"<p>In Anlehnung an den Titel einer Fachzeitschrift habe ich diese Seite Make! genannt. Ganz klar &#8211; es geht um&#8217;s selber machen.<br \/>\nNachdem ich mir einen 3D-Drucker gekauft habe und die ersten Kilos an Kunststoff verdruckt habe &#8211; nicht immer erfolgreich &#8211; m\u00f6chte ich hier ein paar Ideen und Beobachtungen ver\u00f6ffentlichen.<\/p>\n<p>Meine Wahl fiel auf den InkBethink Studio 3D Printer. Mit einem Preis von 500.- Euro zzgl. Fracht rangiert das Ger\u00e4t im unteren Preissegment. Was wird also geboten?<\/p>\n<ul>\n<li>Ein stabiler Rahmen aus Alu-Profilen<\/li>\n<li>F\u00fchrungen aus geh\u00e4rteten und verchromten 8mm Stangen mit LM8UU Linearlagern<\/li>\n<li>5 NEMA17 Schrittmotoren<\/li>\n<li>Glasfaserverst\u00e4rkte T2,5 Zahnriemen<\/li>\n<li>2 Gewindestangen f\u00fcr den Antrieb der Z-Achse<\/li>\n<li>Beheiztes Druckbett mit Glasplatte<\/li>\n<li>Das Druckbett steht auf 4 Federn, die bei Kontakt des Druckkopfes mit dem Bett f\u00fcr etwas &#8222;Nachgiebigkeit&#8220; sorgen.<\/li>\n<li>Die Steuerelektronik ist zu g\u00e4ngigen Druckern kompatibel<\/li>\n<li>Stromversorgung mittels handels\u00fcblichem ATX-Netzteil. Ersatz ist also leicht und preiswert zu beschaffen, wenns mal rauchen sollte.<\/li>\n<li>PLA Filament 1,75mm<\/li>\n<li>Bauraum 200x200x150mm<\/li>\n<\/ul>\n<p>Mit zunehmendem Filamentverbrauch zeigten sich ein paar Schw\u00e4chen, die sich aber leicht beheben lassen.<\/p>\n<ul>\n<li>Der Klemmhebel f\u00fcr das Filament ist schwach dimensioniert und bricht genau an der Befestigungsschraube ab. Ich habe einen verst\u00e4rkten Klemmhebel entworfen. Das STL-File kann durch Klick auf das Bild heruntergeladen werden.\n<p><figure id=\"attachment_158\" aria-describedby=\"caption-attachment-158\" style=\"width: 150px\" class=\"wp-caption alignnone\"><a href=\"https:\/\/weblog.occassions.de\/wp-content\/uploads\/2015\/08\/hebel.stl_.zip\" target=\"_blank\"><img loading=\"lazy\" decoding=\"async\" class=\"wp-image-163 size-thumbnail\" src=\"https:\/\/weblog.occassions.de\/wp-content\/uploads\/2015\/08\/P1010441.jpg\" alt=\"Download STL-File\" width=\"150\" height=\"150\" \/><\/a><figcaption id=\"caption-attachment-158\" class=\"wp-caption-text\">Download STL-File<\/figcaption><\/figure><\/li>\n<li>Die Klemmung des Zahnriemens des Bettes ist v\u00f6llig unzureichend. Der Zahnriemen lockert sich nach kurzer Zeit und ist bald ganz herausgezogen. Da hilft es auch nicht die Klemmschrauben festzuziehen, bis das Wasser aus dem Kunststoff quillt. Die einzig effektive Abhilfe war in meinem Fall eine Raste, die auf die Teilung des Zahnriemens abgestimmt ist. Das STL-File gibts auch hier auf Mausklick.\n<figure id=\"attachment_158\" aria-describedby=\"caption-attachment-158\" style=\"width: 150px\" class=\"wp-caption alignnone\"><a href=\"https:\/\/weblog.occassions.de\/wp-content\/uploads\/2015\/08\/Raste_2mm.stl_.zip\" target=\"_blank\"><img loading=\"lazy\" decoding=\"async\" class=\"wp-image-163 size-thumbnail\" src=\"https:\/\/weblog.occassions.de\/wp-content\/uploads\/2015\/08\/P1010440.jpg\" alt=\"Download STL-File\" width=\"150\" height=\"150\" \/><\/a><figcaption id=\"caption-attachment-158\" class=\"wp-caption-text\">Download STL-File<\/figcaption><\/figure>\n<p>Die Raste wird unter den Zahnriemen gelegt und mit den Klemmschrauben am Kunststoff-Tr\u00e4ger des Druckbettes befestigt.<\/p>\n<figure id=\"attachment_158\" aria-describedby=\"caption-attachment-158\" style=\"width: 150px\" class=\"wp-caption alignnone\"><a href=\"https:\/\/weblog.occassions.de\/wp-content\/uploads\/2015\/08\/P1010443.jpg\" target=\"_blank\"><img loading=\"lazy\" decoding=\"async\" class=\"wp-image-163 size-thumbnail\" src=\"https:\/\/weblog.occassions.de\/wp-content\/uploads\/2015\/08\/P1010443.jpg\" alt=\"Einbau der Raste\" width=\"150\" height=\"150\" \/><\/a><figcaption id=\"caption-attachment-158\" class=\"wp-caption-text\">Einbau der Raste<\/figcaption><\/figure>\n<p>Wenn schon mal der Drucktisch zerlegt ist, sollten auch gleich die Muttern durch Gewindebuchsen ersetzt werden. Die originalen M3 Muttern sitzen nicht wirklich fest in dem Kunststofftr\u00e4ger. Die Verschraubung l\u00f6st sich also mit der Zeit. Aus Stahl gefertigt besitzen diese Buchsen ein metrisches Innengewinde und au\u00dfen ein Holzschraubengewinde. Im M\u00f6belbau werden diese Teile als &#8222;Rampa-Muffen&#8220; bezeichnet. Erh\u00e4ltlich sind sie in gut sortierten Bau- und Heimwerkerm\u00e4rkten. Falls nicht, helfen eBay, Amazon und Co. &#8230; Die richtige Gr\u00f6\u00dfe ist M3x6mm. Die Muffen werden mit einem Flach-Schraubendreher wie eine gew\u00f6hnliche Schraube montiert. Die Bohrungen im Drucktisch sollten 5mm Durchmesser haben. Ggfs. werden die L\u00f6cher mittels Akkuschrauber und 5mm Bohrer aufgeweitet.<\/p>\n<p><figure id=\"attachment_158\" aria-describedby=\"caption-attachment-158\" style=\"width: 150px\" class=\"wp-caption alignnone\"><a href=\"https:\/\/weblog.occassions.de\/wp-content\/uploads\/2015\/08\/P1010448.jpg\" target=\"_blank\"><img loading=\"lazy\" decoding=\"async\" class=\"wp-image-163 size-thumbnail\" src=\"https:\/\/weblog.occassions.de\/wp-content\/uploads\/2015\/08\/P1010448.jpg\" alt=\"Rampa-Muffe M3x6mm\" width=\"150\" height=\"150\" \/><\/a><figcaption id=\"caption-attachment-158\" class=\"wp-caption-text\">Rampa-Muffe M3x6mm<\/figcaption><\/figure><figure id=\"attachment_158\" aria-describedby=\"caption-attachment-158\" style=\"width: 150px\" class=\"wp-caption alignnone\"><a href=\"https:\/\/weblog.occassions.de\/wp-content\/uploads\/2015\/08\/f4797952.jpg\" target=\"_blank\"><img loading=\"lazy\" decoding=\"async\" class=\"wp-image-163 size-thumbnail\" src=\"https:\/\/weblog.occassions.de\/wp-content\/uploads\/2015\/08\/f4797952.jpg\" alt=\"Klemmschrauben\" width=\"150\" height=\"150\" \/><\/a><figcaption id=\"caption-attachment-158\" class=\"wp-caption-text\">Klemmschrauben Bohrungen<\/figcaption><\/figure><figure id=\"attachment_158\" aria-describedby=\"caption-attachment-158\" style=\"width: 150px\" class=\"wp-caption alignnone\"><a href=\"https:\/\/weblog.occassions.de\/wp-content\/uploads\/2015\/08\/f4840704.jpg\" target=\"_blank\"><img loading=\"lazy\" decoding=\"async\" class=\"wp-image-163 size-thumbnail\" src=\"https:\/\/weblog.occassions.de\/wp-content\/uploads\/2015\/08\/f4840704.jpg\" alt=\"Eingesetzte Rampa-Muffen\" width=\"150\" height=\"150\" \/><\/a><figcaption id=\"caption-attachment-158\" class=\"wp-caption-text\">Eingesetzte Rampa-Muffen<\/figcaption><\/figure><\/p>\n<p>Durch die Raste liegt die Klemmung ein paar Millimeter h\u00f6her als zuvor. Der Drucktisch sollte daher neu justiert werden. <figure id=\"attachment_158\" aria-describedby=\"caption-attachment-158\" style=\"width: 150px\" class=\"wp-caption alignnone\"><a href=\"https:\/\/weblog.occassions.de\/wp-content\/uploads\/2015\/08\/f4863488.jpg\" target=\"_blank\"><img loading=\"lazy\" decoding=\"async\" class=\"wp-image-163 size-thumbnail\" src=\"https:\/\/weblog.occassions.de\/wp-content\/uploads\/2015\/08\/f4863488.jpg\" alt=\"Drucktisch justieren\" width=\"150\" height=\"150\" \/><\/a><figcaption id=\"caption-attachment-158\" class=\"wp-caption-text\">Drucktisch justieren<\/figcaption><\/figure>\n<\/li>\n<li>Die Filamentzuf\u00fchrung erfolgt von einer Rolle, die an der rechten Seite des Geh\u00e4uses von einer M8 Gewindestange gehalten wird. Dabei wird der Kunststofffaden \u00fcber 2 Kanten der Verkleidung gezogen. Dies ist eine effektive Bremse! Die Folge sind unebene und regelrecht ausgefressene Oberfl\u00e4chen. Die L\u00f6sung in meinem Fall ist eine Halterung, die auf dem Drucker montiert wird.\n<figure id=\"attachment_158\" aria-describedby=\"caption-attachment-158\" style=\"width: 150px\" class=\"wp-caption alignnone\"><a href=\"https:\/\/weblog.occassions.de\/wp-content\/uploads\/2015\/08\/P1010442.jpg\" target=\"_blank\"><img loading=\"lazy\" decoding=\"async\" class=\"wp-image-163 size-thumbnail\" src=\"https:\/\/weblog.occassions.de\/wp-content\/uploads\/2015\/08\/P1010442.jpg\" alt=\"Filament Zuf\u00fchrung\" width=\"150\" height=\"150\" \/><\/a><figcaption id=\"caption-attachment-158\" class=\"wp-caption-text\">Filament Zuf\u00fchrung<\/figcaption><\/figure>\n<p>.<\/p>\n<p>Die STL Dateien f\u00fcr den Filamentrollen Halter sind im folgenden ZIP Archiv abgelegt. Zus\u00e4tzlich werden noch folgende Teile ben\u00f6tigt:<\/p>\n<ul>\n<li>2 Stoppmutern M8<\/li>\n<li>2 Unterlegscheiben f\u00fcr M8 Gewinde<\/li>\n<li>Gewindestange M8, 400mm lang<\/li>\n<li>1 Mutter M8 (falls verf\u00fcgbar: R\u00e4ndelmutter)<\/li>\n<li>pro Rollenhalter 2 Kugellager 608ZZ<\/li>\n<\/ul>\n<p>Folgende Kunststoffteile werden f\u00fcr den Rollenhalter mindestens ben\u00f6tigt:<\/p>\n<ul>\n<li>1 St\u00fctze rechts (right.stl)<\/li>\n<li>1 St\u00fctze links (left.stl)<\/li>\n<li>2 Stangenlager<\/li>\n<li>2 Spulenr\u00e4der in der Gr\u00f6\u00dfe, die zu den verwenden Filamentrollen passt<\/li>\n<\/ul>\n<p>Das Archiv gibts auch hier auf Mausklick: <figure id=\"attachment_158\" aria-describedby=\"caption-attachment-158\" style=\"width: 150px\" class=\"wp-caption alignnone\"><a href=\"https:\/\/weblog.occassions.de\/wp-content\/uploads\/2015\/08\/Filamentrollen-Halter.zip\" target=\"_blank\"><img loading=\"lazy\" decoding=\"async\" class=\"wp-image-163 size-thumbnail\" src=\"https:\/\/weblog.occassions.de\/wp-content\/uploads\/2015\/08\/P1010442.jpg\" alt=\"ZIP Archiv Filament Zuf\u00fchrung\" width=\"150\" height=\"150\" \/><\/a><figcaption id=\"caption-attachment-158\" class=\"wp-caption-text\">ZIP Archiv Filament Zuf\u00fchrung<\/figcaption><\/figure><\/p>\n<\/li>\n<\/ul>\n","protected":false},"excerpt":{"rendered":"<p>In Anlehnung an den Titel einer Fachzeitschrift habe ich diese Seite Make! genannt. Ganz klar &#8211; es geht um&#8217;s selber machen. Nachdem ich mir einen 3D-Drucker gekauft habe und die ersten Kilos an Kunststoff verdruckt habe &#8211; nicht immer erfolgreich &#8211; m\u00f6chte ich hier ein paar Ideen und Beobachtungen ver\u00f6ffentlichen. Meine Wahl fiel auf den [&hellip;]<\/p>\n","protected":false},"author":1,"featured_media":0,"parent":0,"menu_order":0,"comment_status":"open","ping_status":"open","template":"","meta":{"footnotes":""},"class_list":["post-176","page","type-page","status-publish","hentry"],"_links":{"self":[{"href":"https:\/\/weblog.occassions.de\/index.php?rest_route=\/wp\/v2\/pages\/176","targetHints":{"allow":["GET"]}}],"collection":[{"href":"https:\/\/weblog.occassions.de\/index.php?rest_route=\/wp\/v2\/pages"}],"about":[{"href":"https:\/\/weblog.occassions.de\/index.php?rest_route=\/wp\/v2\/types\/page"}],"author":[{"embeddable":true,"href":"https:\/\/weblog.occassions.de\/index.php?rest_route=\/wp\/v2\/users\/1"}],"replies":[{"embeddable":true,"href":"https:\/\/weblog.occassions.de\/index.php?rest_route=%2Fwp%2Fv2%2Fcomments&post=176"}],"version-history":[{"count":46,"href":"https:\/\/weblog.occassions.de\/index.php?rest_route=\/wp\/v2\/pages\/176\/revisions"}],"predecessor-version":[{"id":218,"href":"https:\/\/weblog.occassions.de\/index.php?rest_route=\/wp\/v2\/pages\/176\/revisions\/218"}],"wp:attachment":[{"href":"https:\/\/weblog.occassions.de\/index.php?rest_route=%2Fwp%2Fv2%2Fmedia&parent=176"}],"curies":[{"name":"wp","href":"https:\/\/api.w.org\/{rel}","templated":true}]}}